{"id":3126,"date":"2019-06-02T19:52:27","date_gmt":"2019-06-02T19:52:27","guid":{"rendered":"http:\/\/jazzva.si\/?page_id=3126"},"modified":"2019-06-09T06:43:38","modified_gmt":"2019-06-09T06:43:38","slug":"o-nas","status":"publish","type":"page","link":"https:\/\/jazzva.si\/sl_si\/o-nas\/","title":{"rendered":"Vidnej\u0161i dose\u017eki"},"content":{"rendered":"<div class=\"vc_row wpb_row vc_row-fluid\"><div class=\"wpb_column vc_column_container vc_col-sm-12\"><div class=\"vc_column-inner\"><div class=\"wpb_wrapper\">\n\t<div class=\"wpb_text_column wpb_content_element \" >\n\t\t<div class=\"wpb_wrapper\">\n\t\t\t<ul>\n<li>Povabilo s strani uredni\u0161tva za glasbo in balet RTV Slovenija na tekmovanje Evrovizijski zbor (Eurovision Choir), ki bo 3. avgusta 2019 na \u0160vedskem v G\u00f6teborgu.<\/li>\n<li>Zveza kulturnih dru\u0161tev Ljubljana je Jazzvi podelila zlato priznanje za uspehe, ki jih dosegamo na podro\u010dju zabavne vokalne glasbe in za organizacijo festivala vokalne glasbe<\/li>\n<li>Popjazziada, ki spodbuja razvoj a cappella glasbe v ljubljanski regiji in \u0161ir\u0161e v Slovenij.<\/li>\n<li>Drugo mesto na tekmovanju s profesionalno mednarodno konkurenco Internationaler A CAPPELLA Wettbewerb 2015 v Leipzigu (NEM).<\/li>\n<li>Prvo mesto na mednarodnem tekmovanju Seghizzi 2014 v Gorici (ITA).<\/li>\n<li>Prvo mesto na festivalu a cappella glasbe Sredi zvezd v \u017dalcu, kar tri leta zaporedoma (2010, 2011, 2012).<\/li>\n<\/ul>\n\n\t\t<\/div>\n\t<\/div>\n\n\t<div  class=\"wpb_single_image wpb_content_element vc_align_left\">\n\t\t\n\t\t<figure class=\"wpb_wrapper vc_figure\">\n\t\t\t<div class=\"vc_single_image-wrapper   vc_box_border_grey\"><img loading=\"lazy\" decoding=\"async\" width=\"1137\" height=\"336\" src=\"https:\/\/jazzva.si\/wp-content\/uploads\/2019\/06\/cover-za-subscribe.jpg\" class=\"vc_single_image-img attachment-full\" alt=\"\" srcset=\"https:\/\/jazzva.si\/wp-content\/uploads\/2019\/06\/cover-za-subscribe.jpg 1137w, https:\/\/jazzva.si\/wp-content\/uploads\/2019\/06\/cover-za-subscribe-600x177.jpg 600w, https:\/\/jazzva.si\/wp-content\/uploads\/2019\/06\/cover-za-subscribe-300x89.jpg 300w, https:\/\/jazzva.si\/wp-content\/uploads\/2019\/06\/cover-za-subscribe-768x227.jpg 768w, https:\/\/jazzva.si\/wp-content\/uploads\/2019\/06\/cover-za-subscribe-1024x303.jpg 1024w\" sizes=\"auto, (max-width: 1137px) 100vw, 1137px\" \/><\/div>\n\t\t<\/figure>\n\t<\/div>\n<\/div><\/div><\/div><\/div><div class=\"vc_row wpb_row vc_row-fluid\"><div class=\"wpb_column vc_column_container vc_col-sm-12\"><div class=\"vc_column-inner\"><div class=\"wpb_wrapper\"><\/div><\/div><\/div><\/div>\n","protected":false},"excerpt":{"rendered":"Povabilo s strani uredni\u0161tva za glasbo in balet RTV Slovenija na tekmovanje Evrovizijski zbor (Eurovision Choir), ki bo 3. avgusta 2019 na \u0160vedskem v G\u00f6teborgu. Zveza kulturnih dru\u0161tev Ljubljana je Jazzvi podelila zlato priznanje za uspehe, ki jih dosegamo na...","protected":false},"author":1,"featured_media":0,"parent":0,"menu_order":0,"comment_status":"closed","ping_status":"closed","template":"","meta":{"footnotes":""},"class_list":["post-3126","page","type-page","status-publish","hentry"],"yoast_head":"<!-- This site is optimized with the Yoast SEO plugin v26.3 - https:\/\/yoast.com\/wordpress\/plugins\/seo\/ -->\n<title>Vidnej\u0161i dose\u017eki - Jazzva<\/title>\n<meta name=\"robots\" content=\"index, follow, max-snippet:-1, max-image-preview:large, max-video-preview:-1\" \/>\n<link rel=\"canonical\" href=\"https:\/\/jazzva.si\/sl_si\/en_us\/o-nas\/\" \/>\n<meta property=\"og:locale\" content=\"sl_SI\" \/>\n<meta property=\"og:type\" content=\"article\" \/>\n<meta property=\"og:title\" content=\"Vidnej\u0161i dose\u017eki - Jazzva\" \/>\n<meta property=\"og:url\" content=\"https:\/\/jazzva.si\/sl_si\/en_us\/o-nas\/\" \/>\n<meta property=\"og:site_name\" content=\"Jazzva\" \/>\n<meta property=\"article:modified_time\" content=\"2019-06-09T06:43:38+00:00\" \/>\n<meta name=\"twitter:card\" content=\"summary_large_image\" \/>\n<meta name=\"twitter:label1\" content=\"Est. reading time\" \/>\n\t<meta name=\"twitter:data1\" content=\"1 minuta\" \/>\n<script type=\"application\/ld+json\" class=\"yoast-schema-graph\">{\"@context\":\"https:\/\/schema.org\",\"@graph\":[{\"@type\":\"WebPage\",\"@id\":\"https:\/\/jazzva.si\/en_us\/o-nas\/\",\"url\":\"https:\/\/jazzva.si\/en_us\/o-nas\/\",\"name\":\"Vidnej\u0161i dose\u017eki - Jazzva\",\"isPartOf\":{\"@id\":\"https:\/\/jazzva.si\/#website\"},\"datePublished\":\"2019-06-02T19:52:27+00:00\",\"dateModified\":\"2019-06-09T06:43:38+00:00\",\"breadcrumb\":{\"@id\":\"https:\/\/jazzva.si\/en_us\/o-nas\/#breadcrumb\"},\"inLanguage\":\"sl-SI\",\"potentialAction\":[{\"@type\":\"ReadAction\",\"target\":[\"https:\/\/jazzva.si\/en_us\/o-nas\/\"]}]},{\"@type\":\"BreadcrumbList\",\"@id\":\"https:\/\/jazzva.si\/en_us\/o-nas\/#breadcrumb\",\"itemListElement\":[{\"@type\":\"ListItem\",\"position\":1,\"name\":\"Home\",\"item\":\"https:\/\/jazzva.si\/\"},{\"@type\":\"ListItem\",\"position\":2,\"name\":\"Vidnej\u0161i dose\u017eki\"}]},{\"@type\":\"WebSite\",\"@id\":\"https:\/\/jazzva.si\/#website\",\"url\":\"https:\/\/jazzva.si\/\",\"name\":\"Jazzva\",\"description\":\"Acapella group\",\"potentialAction\":[{\"@type\":\"SearchAction\",\"target\":{\"@type\":\"EntryPoint\",\"urlTemplate\":\"https:\/\/jazzva.si\/?s={search_term_string}\"},\"query-input\":{\"@type\":\"PropertyValueSpecification\",\"valueRequired\":true,\"valueName\":\"search_term_string\"}}],\"inLanguage\":\"sl-SI\"}]}<\/script>\n<!-- \/ Yoast SEO plugin. -->","yoast_head_json":{"title":"Vidnej\u0161i dose\u017eki - Jazzva","robots":{"index":"index","follow":"follow","max-snippet":"max-snippet:-1","max-image-preview":"max-image-preview:large","max-video-preview":"max-video-preview:-1"},"canonical":"https:\/\/jazzva.si\/sl_si\/en_us\/o-nas\/","og_locale":"sl_SI","og_type":"article","og_title":"Vidnej\u0161i dose\u017eki - Jazzva","og_url":"https:\/\/jazzva.si\/sl_si\/en_us\/o-nas\/","og_site_name":"Jazzva","article_modified_time":"2019-06-09T06:43:38+00:00","twitter_card":"summary_large_image","twitter_misc":{"Est. reading time":"1 minuta"},"schema":{"@context":"https:\/\/schema.org","@graph":[{"@type":"WebPage","@id":"https:\/\/jazzva.si\/en_us\/o-nas\/","url":"https:\/\/jazzva.si\/en_us\/o-nas\/","name":"Vidnej\u0161i dose\u017eki - Jazzva","isPartOf":{"@id":"https:\/\/jazzva.si\/#website"},"datePublished":"2019-06-02T19:52:27+00:00","dateModified":"2019-06-09T06:43:38+00:00","breadcrumb":{"@id":"https:\/\/jazzva.si\/en_us\/o-nas\/#breadcrumb"},"inLanguage":"sl-SI","potentialAction":[{"@type":"ReadAction","target":["https:\/\/jazzva.si\/en_us\/o-nas\/"]}]},{"@type":"BreadcrumbList","@id":"https:\/\/jazzva.si\/en_us\/o-nas\/#breadcrumb","itemListElement":[{"@type":"ListItem","position":1,"name":"Home","item":"https:\/\/jazzva.si\/"},{"@type":"ListItem","position":2,"name":"Vidnej\u0161i dose\u017eki"}]},{"@type":"WebSite","@id":"https:\/\/jazzva.si\/#website","url":"https:\/\/jazzva.si\/","name":"Jazzva","description":"Acapella group","potentialAction":[{"@type":"SearchAction","target":{"@type":"EntryPoint","urlTemplate":"https:\/\/jazzva.si\/?s={search_term_string}"},"query-input":{"@type":"PropertyValueSpecification","valueRequired":true,"valueName":"search_term_string"}}],"inLanguage":"sl-SI"}]}},"_links":{"self":[{"href":"https:\/\/jazzva.si\/sl_si\/wp-json\/wp\/v2\/pages\/3126","targetHints":{"allow":["GET"]}}],"collection":[{"href":"https:\/\/jazzva.si\/sl_si\/wp-json\/wp\/v2\/pages"}],"about":[{"href":"https:\/\/jazzva.si\/sl_si\/wp-json\/wp\/v2\/types\/page"}],"author":[{"embeddable":true,"href":"https:\/\/jazzva.si\/sl_si\/wp-json\/wp\/v2\/users\/1"}],"replies":[{"embeddable":true,"href":"https:\/\/jazzva.si\/sl_si\/wp-json\/wp\/v2\/comments?post=3126"}],"version-history":[{"count":6,"href":"https:\/\/jazzva.si\/sl_si\/wp-json\/wp\/v2\/pages\/3126\/revisions"}],"predecessor-version":[{"id":3154,"href":"https:\/\/jazzva.si\/sl_si\/wp-json\/wp\/v2\/pages\/3126\/revisions\/3154"}],"wp:attachment":[{"href":"https:\/\/jazzva.si\/sl_si\/wp-json\/wp\/v2\/media?parent=3126"}],"curies":[{"name":"wp","href":"https:\/\/api.w.org\/{rel}","templated":true}]}}

Vidnejši dosežki

<div class="vc_row wpb_row vc_row-fluid"><div class="wpb_column vc_column_container vc_col-sm-12"><div class="vc_column-inner"><div class="wpb_wrapper">
	<div class="wpb_text_column wpb_content_element " >
		<div class="wpb_wrapper">
			<ul>
<li>Povabilo s strani uredništva za glasbo in balet RTV Slovenija na tekmovanje Evrovizijski zbor (Eurovision Choir), ki bo 3. avgusta 2019 na Švedskem v Göteborgu.</li>
<li>Zveza kulturnih društev Ljubljana je Jazzvi podelila zlato priznanje za uspehe, ki jih dosegamo na področju zabavne vokalne glasbe in za organizacijo festivala vokalne glasbe</li>
<li>Popjazziada, ki spodbuja razvoj a cappella glasbe v ljubljanski regiji in širše v Slovenij.</li>
<li>Drugo mesto na tekmovanju s profesionalno mednarodno konkurenco Internationaler A CAPPELLA Wettbewerb 2015 v Leipzigu (NEM).</li>
<li>Prvo mesto na mednarodnem tekmovanju Seghizzi 2014 v Gorici (ITA).</li>
<li>Prvo mesto na festivalu a cappella glasbe Sredi zvezd v Žalcu, kar tri leta zaporedoma (2010, 2011, 2012).</li>
</ul>

		</div>
	</div>

	<div  class="wpb_single_image wpb_content_element vc_align_left">
		
		<figure class="wpb_wrapper vc_figure">
			<div class="vc_single_image-wrapper   vc_box_border_grey"><img loading="lazy" decoding="async" width="1137" height="336" src="https://jazzva.si/wp-content/uploads/2019/06/cover-za-subscribe.jpg" class="vc_single_image-img attachment-full" alt="" srcset="https://jazzva.si/wp-content/uploads/2019/06/cover-za-subscribe.jpg 1137w, https://jazzva.si/wp-content/uploads/2019/06/cover-za-subscribe-600x177.jpg 600w, https://jazzva.si/wp-content/uploads/2019/06/cover-za-subscribe-300x89.jpg 300w, https://jazzva.si/wp-content/uploads/2019/06/cover-za-subscribe-768x227.jpg 768w, https://jazzva.si/wp-content/uploads/2019/06/cover-za-subscribe-1024x303.jpg 1024w" sizes="auto, (max-width: 1137px) 100vw, 1137px" /></div>
		</figure>
	</div>
</div></div></div></div><div class="vc_row wpb_row vc_row-fluid"><div class="wpb_column vc_column_container vc_col-sm-12"><div class="vc_column-inner"><div class="wpb_wrapper"></div></div></div></div>

Povabilo s strani uredništva za glasbo in balet RTV Slovenija na tekmovanje Evrovizijski zbor (Eurovision Choir), ki bo 3. avgusta 2019 na Švedskem v Göteborgu. Zveza kulturnih društev Ljubljana je Jazzvi podelila zlato priznanje za uspehe, ki jih dosegamo na...

<!-- This site is optimized with the Yoast SEO plugin v26.3 - https://yoast.com/wordpress/plugins/seo/ -->
<title>Vidnejši dosežki - Jazzva</title>
<meta name="robots" content="index, follow, max-snippet:-1, max-image-preview:large, max-video-preview:-1" />
<link rel="canonical" href="https://jazzva.si/sl_si/en_us/o-nas/" />
<meta property="og:locale" content="sl_SI" />
<meta property="og:type" content="article" />
<meta property="og:title" content="Vidnejši dosežki - Jazzva" />
<meta property="og:url" content="https://jazzva.si/sl_si/en_us/o-nas/" />
<meta property="og:site_name" content="Jazzva" />
<meta property="article:modified_time" content="2019-06-09T06:43:38+00:00" />
<meta name="twitter:card" content="summary_large_image" />
<meta name="twitter:label1" content="Est. reading time" />
	<meta name="twitter:data1" content="1 minuta" />
<script type="application/ld+json" class="yoast-schema-graph">{"@context":"https://schema.org","@graph":[{"@type":"WebPage","@id":"https://jazzva.si/en_us/o-nas/","url":"https://jazzva.si/en_us/o-nas/","name":"Vidnejši dosežki - Jazzva","isPartOf":{"@id":"https://jazzva.si/#website"},"datePublished":"2019-06-02T19:52:27+00:00","dateModified":"2019-06-09T06:43:38+00:00","breadcrumb":{"@id":"https://jazzva.si/en_us/o-nas/#breadcrumb"},"inLanguage":"sl-SI","potentialAction":[{"@type":"ReadAction","target":["https://jazzva.si/en_us/o-nas/"]}]},{"@type":"BreadcrumbList","@id":"https://jazzva.si/en_us/o-nas/#breadcrumb","itemListElement":[{"@type":"ListItem","position":1,"name":"Home","item":"https://jazzva.si/"},{"@type":"ListItem","position":2,"name":"Vidnejši dosežki"}]},{"@type":"WebSite","@id":"https://jazzva.si/#website","url":"https://jazzva.si/","name":"Jazzva","description":"Acapella group","potentialAction":[{"@type":"SearchAction","target":{"@type":"EntryPoint","urlTemplate":"https://jazzva.si/?s={search_term_string}"},"query-input":{"@type":"PropertyValueSpecification","valueRequired":true,"valueName":"search_term_string"}}],"inLanguage":"sl-SI"}]}</script>
<!-- / Yoast SEO plugin. -->

Vidnejši dosežki - Jazzva
